122200222?
-2122200233
In base 5, what is 4411104 + -204114?
4201440
In base 3, what is -120020200101211 + 1?
-120020200101210
In base 15, what is 523 + -16242?
-15c1e
In base 3, what is -2020211022 - -1022122?
-2012111200
In base 8, what is -420454 + -57?
-420533
In base 16, what is -52e0714 + -2?
-52e0716
In base 14, what is 4 + 64c29da?
64c2a00
In base 11, what is 22332 - -2287?
24609
In base 6, what is 304 - 2325354?
-2325050
In base 16, what is -79eff + -37?
-79f36
In base 12, what is 3 - -92b8a787?
92b8a78a
In base 7, what is -22023 + 1253?
-20440
In base 5, what is 132224124 - -1041?
132230220
In base 12, what is 47a858 + -12b?
47a729
In base 8, what is 427320 - -643?
430163
In base 6, what is -23215214432 + 13?
-23215214415
In base 11, what is 4881178 - 17?
4881161
In base 9, what is 46737 + -205?
46532
In base 15, what is 1 - -10358d3?
10358d4
In base 11, what is -5 - -3531772?
3531768
In base 9, what is -1 - -54633111?
54633110
In base 15, what is -16cc - bc9?
-23a6
In base 12, what is 286422 - 4?
28641a
In base 11, what is -96 + 104575?
10448a
In base 11, what is 751419 - -3?
751421
In base 12, what is -31 - -316508?
316497
In base 4, what is -12 - -123321222?
123321210
In base 9, what is 12884 + -144361?
-131366
In base 2, what is -1101011001011 + 101011001111101?
11101110110010
In base 6, what is -1 - -223353410?
223353405
In base 2, what is 10010000001111 - -1000000111111?
11010001001110
In base 15, what is 2 + -3cd87ce?
-3cd87cc
In base 15, what is -2a7 - -165c3?
1631b
In base 5, what is 33230144 + -4423?
33220221
In base 3, what is 1011220 + -120121201212?
-120120112222
In base 12, what is 297906 - -42?
297948
In base 12, what is 66 + 179a2b?
179a95
In base 2, what is 111010110 - -11011010100110011?
11011011100001001
In base 15, what is b2270a8 - -1?
b2270a9
In base 16, what is 5227aec + -1?
5227aeb
In base 7, what is -251634443 - -11?
-251634432
In base 5, what is 344 - 11133403?
-11133004
In base 14, what is 5873bca9 - 3?
5873bca6
In base 12, what is -4545 + 5b6?
-3b4b
In base 16, what is -147 + -24cd7?
-24e1e
In base 10, what is 2 + 7693418?
7693420
In base 13, what is -7826 + -5b?
-7884
In base 13, what is 9b92857 + 7?
9b92861
In base 2, what is 1111110110 + 1001011101000110111?
1001011111000101101
In base 3, what is -102 + 1120011212111?
1120011212002
In base 10, what is -18 - -105232?
105214
In base 12, what is -8 - 2337089?
-2337095
In base 7, what is 21 - 1503460?
-1503436
In base 3, what is -1121011 - -2220222221?
2212101210
In base 10, what is -1 - 1129004?
-1129005
In base 5, what is -14000 - -124421342?
124402342
In base 10, what is -10740563 + 5?
-10740558
In base 5, what is 3123 - -23343022?
23401200
In base 3, what is -10 - -101222222012000?
101222222011220
In base 16, what is -b2b - 1342?
-1e6d
In base 6, what is -234051 + -1420?
-235511
In base 14, what is -1 + -c1b86a?
-c1b86b
In base 13, what is -4 + -247277?
-24727b
In base 9, what is -1 + 5066732?
5066731
In base 12, what is -4 + a5805a73?
a5805a6b
In base 12, what is -5 + 6009269?
6009264
In base 12, what is -2824b922 - -1?
-2824b921
In base 7, what is 31600 + 5152?
40052
In base 14, what is 674 - 38d9?
-3265
In base 10, what is 3377018 - -73?
3377091
In base 8, what is 310352 + 1522?
312074
In base 5, what is 1021404224 - 10?
1021404214
In base 6, what is -112 + -113203420?
-113203532
In base 3, what is -2201220011101 + -1111?
-2201220012212
In base 12, what is -205 - 8308?
-8511
In base 4, what is -12122202012 - -300?
-12122201112
In base 4, what is -3220331 - 12130?
-3233121
In base 13, what is -1b4 - -361b?
3437
In base 11, what is -1641 - 1a074?
-20705
In base 9, what is 248 + -350587?
-350338
In base 11, what is 37a48 + 416?
38363
In base 8, what is 1372124 - -26?
1372152
In base 3, what is -2221201021 - -1012011?
-2220112010
In base 10, what is -6 + 120565504?
120565498
In base 15, what is 0 + 3889c07?
3889c07
In base 4, what is -10031221123 - -10?
-10031221113
In base 4, what is 13031 - 33102332?
-33023301
In base 16, what is b9fe4 - 38?
b9fac
In base 10, what is 400 - 115337?
-114937
In base 15, what is 5ab30 + -e?
5ab21
In base 8, what is 5250 + -44237?
-36767
In base 12, what is -60644a - 12?
-606460
In base 9, what is 65 - 384663?
-384587
In base 15, what is -dcdee - 9?
-dce08
In base 10, what is 1024 + -36735?
-35711
In base 3, what is -12201012010 - -11120?
-12201000120
In base 9, what is -841 - 43702?
-44643
In base 12, what is 13 + -14820?
-14809
In base 9, what is -11608 - 84273?
-105882
In base 7, what is 13210213 + 1?
13210214
In base 3, what is -11220110112 - 2101121?
-11222212010
In base 2, what is 101 - 11011111001101100111110?
-11011111001101100111001
In base 10, what is -78 + -55221?
-55299
In base 13, what is 91b5 + 4a6?
968b
In base 15, what is 24e36 + -18d?
24c98
In base 6, what is -103513021 + 11?
-103513010
In base 13, what is 1 - -10869791?
10869792
In base 8, what is -45 - -124602?
124535
In base 8, what is 2 + -202603026?
-202603024
In base 9, what is -4 + 56388310?
56388305
In base 7, what is 5102411631 + 6?
5102411640
In base 11, what is -3678506 + -5?
-3678510
In base 10, what is -364867059 - 5?
-364867064
In base 12, what is -1b2 - 22aa6?
-23098
In base 13, what is -3777ba6 + b?
-3777b98
In base 3, what is 210100 - -2221222?
10202022
In base 15, what is 79d97 + -db?
79cab
In base 7, what is -1366120102 - -3?
-1366120066
In base 8, what is -277 + -1047546?
-1050045
In base 13, what is 287 + -161a93?
-161809
In base 5, what is 12141023012200 - 4?
12141023012141
In base 11, what is 167389 - -24?
167402
In base 3, what is -11 - 111010122200221?
-111010122201002
In base 10, what is -409 + 155050?
154641
In base 6, what is -1333151 - 11504?
-1345055
In base 5, what is 13 - 31110324?
-31110311
In base 13, what is -4 - 11687348?
-1168734c
In base 7, what is -10020050414 - 1?
-10020050415
In base 13, what is 11243 - -12b?
11371
In base 7, what is -2411 - 41663?
-44404
In base 13, what is 9065b + 173?
90801
In base 2, what is 1101100011010 - -101101101110?
10011010001000
In base 13, what is 2c72 + 1670?
4612
In base 10, what is 68374 - 4940?
63434
In base 7, what is 1443 - 50511?
-46035
In base 7, what is 20604340 - -12?
20604352
In base 15, what is -5101927 - 3?
-510192a
In base 7, what is -5 + 11415254305?
11415254300
In base 4, what is -1103121 - -11013003?
3303222
In base 2, what is -1001 - 111100100000011001100100?
-111100100000011001101101
In base 16, what is -16 - 3e42?
-3e58
In base 4, what is 22232202011033 + -10?
22232202011023
In base 3, what is -101210221211 - 10020?
-101211002001
In base 2, what is 1011100 - -1000110000001111?
1000110001101011
In base 5, what is -1340012123 - 21?
-1340012144
In base 9, what is -2 - 2316445?
-2316447
In base 11, what is -2 + -2968041?
-2968043
In base 11, what is 50a + -1a427?
-19a18
In base 9, what is 1031 - -435205?
436236
In base 8, what is 315466 + -10?
315456
In base 9, what is 11366705 - 5?
11366700
In base 3, what is -21202212 + 12102111?
-2100101
In base 9, what is 2875 - -3280?
6265
In base 5, what is -1231 - -20120243?
20114012
In base 11, what is -18 - -119067?
11904a
In base 7, what is 10604 + 6435?
20342
In base 12, what is 27b + 4578a?
45a49
In base 4, what is -2 - 2213113221030?
-2213113221032
In base 5, what is 10 + 3024403003?
3024403013
In base 8, what is -457342660 + 1?
-457342657
In base 9, what is 38603443 + -4?
38603438
In base 16, what is 9345c7 + 3?
9345ca
In base 5, what is 1202110 - -21102?
1223212
In base 2, what is -100000101000011001 + -100000110?
-100000101100011111
In base 13, what is 133 + -76573b?
-765608
In base 7, what is -12501 - 125255?
-141056
In base 12, what is -1316462 + -156?
-13165b8
In base 3, what is -11 + 121122122012001?
121122122011220
In base 4, what is 1202210100 - 101011?
1202103023
In base 12, what is 5a601 + -393?
5a22a
In base 6, what is -5254122 - 100?
-5254222
In base 8, what is 14 + -212764710?
-212764674
In base 7, what is 10015332 + 5?
10015340
In base 3, what is 20111010200220200 + -12?
20111010200220111
In base 4, what is -11 + -2213302231?
-2213302302
In base 7, what is -2624 + 116624?
114000
In base 14, what is -1b + -8cb79?
-8cb96
In base 12, what is 74ab5b + 16?
74ab75
In base 7, what is -1 - -10404546?
10404545
In b